{"id":2689,"date":"2025-10-24T13:44:57","date_gmt":"2025-10-24T11:44:57","guid":{"rendered":"https:\/\/iagenerativa.umh.es\/?page_id=2689"},"modified":"2025-11-10T13:36:55","modified_gmt":"2025-11-10T12:36:55","slug":"equidad","status":"publish","type":"page","link":"https:\/\/iagenerativa.umh.es\/en\/equidad\/","title":{"rendered":"Borrador autom\u00e1tico"},"content":{"rendered":"<p>[et_pb_section fb_built=&#8221;1&#8243; _builder_version=&#8221;4.17.4&#8243; _module_preset=&#8221;default&#8221; custom_margin=&#8221;||-44px|||&#8221; custom_padding=&#8221;|||0px||&#8221; global_colors_info=&#8221;{}&#8221;][et_pb_row _builder_version=&#8221;4.17.4&#8243; _module_preset=&#8221;default&#8221; global_colors_info=&#8221;{}&#8221;][et_pb_column type=&#8221;4_4&#8243; _builder_version=&#8221;4.17.4&#8243; _module_preset=&#8221;default&#8221; global_colors_info=&#8221;{}&#8221;][et_pb_text admin_label=&#8221;Texto&#8221; _builder_version=&#8221;4.17.4&#8243; _module_preset=&#8221;default&#8221; global_colors_info=&#8221;{}&#8221;]<\/p>\n<h3 style=\"text-align: left\"><\/h3>\n<h1 style=\"text-align: left\"><strong>CURSO:<\/strong><\/h1>\n<h1 style=\"text-align: left\"><strong>&#8220;Inteligencia Artificial generativa y equidad: herramientas, \u00e9tica y sesgos de g\u00e9nero en la era digital&#8221;<\/strong><\/h1>\n<h4 style=\"text-align: right\"><\/h4>\n<p>&nbsp;<\/p>\n<p>&nbsp;<br \/>\n[\/et_pb_text][\/et_pb_column][\/et_pb_row][et_pb_row column_structure=&#8221;2_5,3_5&#8243; _builder_version=&#8221;4.17.4&#8243; _module_preset=&#8221;default&#8221; min_height=&#8221;333.5px&#8221; custom_margin=&#8221;|auto|30px|auto|false|false&#8221; custom_margin_tablet=&#8221;|auto|30px|auto|false|false&#8221; custom_margin_phone=&#8221;|auto|30px|auto|false|false&#8221; custom_margin_last_edited=&#8221;on|phone&#8221; custom_padding=&#8221;0px|0px|0px|0px|false|false&#8221; border_width_all=&#8221;2px&#8221; border_color_all=&#8221;#2575dd&#8221; global_colors_info=&#8221;{}&#8221;][et_pb_column type=&#8221;2_5&#8243; _builder_version=&#8221;4.17.4&#8243; _module_preset=&#8221;default&#8221; global_colors_info=&#8221;{}&#8221;][et_pb_image src=&#8221;https:\/\/iagenerativa.umh.es\/files\/2025\/10\/UMH_19.jpg&#8221; title_text=&#8221;UMH_19&#8243; _builder_version=&#8221;4.17.4&#8243; _module_preset=&#8221;default&#8221; custom_margin=&#8221;||||false|false&#8221; custom_padding=&#8221;60px|||5px|false|false&#8221; global_colors_info=&#8221;{}&#8221;][\/et_pb_image][\/et_pb_column][et_pb_column type=&#8221;3_5&#8243; _builder_version=&#8221;4.17.4&#8243; _module_preset=&#8221;default&#8221; global_colors_info=&#8221;{}&#8221;][et_pb_text admin_label=&#8221;Texto&#8221; _builder_version=&#8221;4.17.4&#8243; _module_preset=&#8221;default&#8221; custom_margin=&#8221;||||false|false&#8221; custom_padding=&#8221;|15px||15px|false|false&#8221; link_option_url=&#8221;http:\/\/iagenerativa.umh.es\/equidad\/curso-equidad-elche&#8221; global_colors_info=&#8221;{}&#8221;]<\/p>\n<h3><\/h3>\n<p>&nbsp;<\/p>\n<h3 style=\"text-align: left\"><b>Edici\u00f3n ELCHE<\/b><\/h3>\n<ul>\n<li>Fecha: <strong>5 de noviembre de 2025, <\/strong><em><strong>de 11:00 a 13:30.<\/strong><\/em><\/li>\n<li>Lugar:<strong> Universidad Miguel Hern\u00e1ndez, Campus de Elche, Aula 1.3 &#8211; edificio ALTABIX.<\/strong><\/li>\n<li>Organiza: <strong>Unidad de Igualdad de la Universidad Miguel Hern\u00e1ndez (UMH)<\/strong> en colaboraci\u00f3n con la <strong>Vicepresidencia Primera y Conseller\u00eda de Servicios Sociales, Igualdad y Vivienda.<\/strong><\/li>\n<li>Dirigido a estudiantes de la asignatura de Psicopatolog\u00eda del Grado de Psicolog\u00eda.<\/li>\n<li>Pulsa <a href=\"http:\/\/iagenerativa.umh.es\/equidad\/curso-equidad-elche\">aqu\u00ed<\/a> para m\u00e1s informaci\u00f3n.<\/li>\n<\/ul>\n<p>&nbsp;<br \/>\n[\/et_pb_text][\/et_pb_column][\/et_pb_row][et_pb_row column_structure=&#8221;2_5,3_5&#8243; _builder_version=&#8221;4.17.4&#8243; _module_preset=&#8221;default&#8221; min_height=&#8221;342.5px&#8221; custom_margin=&#8221;|auto|30px|auto|false|false&#8221; custom_margin_tablet=&#8221;|auto|30px|auto|false|false&#8221; custom_margin_phone=&#8221;|auto|30px|auto|false|false&#8221; custom_margin_last_edited=&#8221;on|phone&#8221; custom_padding=&#8221;0px|0px|0px|0px|false|false&#8221; border_width_all=&#8221;2px&#8221; border_color_all=&#8221;#2575dd&#8221; global_colors_info=&#8221;{}&#8221;][et_pb_column type=&#8221;2_5&#8243; _builder_version=&#8221;4.17.4&#8243; _module_preset=&#8221;default&#8221; global_colors_info=&#8221;{}&#8221;][et_pb_image src=&#8221;https:\/\/iagenerativa.umh.es\/files\/2025\/10\/Severo-Ochoa-UMH-1-scaled-1.jpg&#8221; title_text=&#8221;Severo-Ochoa-UMH-1-scaled-1&#8243; _builder_version=&#8221;4.17.4&#8243; _module_preset=&#8221;default&#8221; custom_margin=&#8221;||||false|false&#8221; custom_padding=&#8221;60px|||5px|false|false&#8221; global_colors_info=&#8221;{}&#8221;][\/et_pb_image][\/et_pb_column][et_pb_column type=&#8221;3_5&#8243; _builder_version=&#8221;4.17.4&#8243; _module_preset=&#8221;default&#8221; global_colors_info=&#8221;{}&#8221;][et_pb_text admin_label=&#8221;Texto&#8221; _builder_version=&#8221;4.17.4&#8243; _module_preset=&#8221;default&#8221; min_height=&#8221;291.8px&#8221; custom_margin=&#8221;||||false|false&#8221; custom_padding=&#8221;0px|15px||15px|false|false&#8221; link_option_url=&#8221;http:\/\/iagenerativa.umh.es\/equidad\/curso-equidad-elche&#8221; global_colors_info=&#8221;{}&#8221;]<\/p>\n<h3>\u00a0<\/h3>\n<h3 style=\"text-align: left\">\u00a0<\/h3>\n<h3 style=\"text-align: left\">\u00a0<\/h3>\n<h3 style=\"text-align: left\"><b>Edici\u00f3n SAN JUAN<\/b><\/h3>\n<ul>\n<li>Fecha: <strong>12 de noviembre de 2025, <\/strong><em><strong>de 16:00 a 18:30<\/strong><\/em><\/li>\n<li>Lugar:<strong> Universidad Miguel Hern\u00e1ndez, Campus de Sant Joan d&#8217;Alacant, Aula 0.9 &#8211; edificio SEVERO OCHOA<\/strong><\/li>\n<li>Organiza: <strong>Unidad de Igualdad de la Universidad Miguel Hern\u00e1ndez (UMH)<\/strong> en colaboraci\u00f3n con la <strong>Vicepresidencia Primera y Conseller\u00eda de Servicios Sociales, Igualdad y Vivienda<\/strong><\/li>\n<li>Dirigido a estudiantes de los grados de Ciencias de la Salud del campus de Sant Joan d&#8217;Alacant.<\/li>\n<li>Pulsa <a href=\"http:\/\/iagenerativa.umh.es\/equidad\/curso-equidad-san-juan\">aqu\u00ed<\/a> para m\u00e1s informaci\u00f3n.<\/li>\n<\/ul>\n<p>&nbsp;<\/p>\n<p>[\/et_pb_text][\/et_pb_column][\/et_pb_row][et_pb_row _builder_version=&#8221;4.17.4&#8243; _module_preset=&#8221;default&#8221; custom_padding=&#8221;5px|8px|5px|8px|false|false&#8221; border_width_all=&#8221;3px&#8221; border_color_all=&#8221;#6B6B6B&#8221; global_colors_info=&#8221;{}&#8221;][et_pb_column type=&#8221;4_4&#8243; _builder_version=&#8221;4.17.4&#8243; _module_preset=&#8221;default&#8221; global_colors_info=&#8221;{}&#8221;][et_pb_text admin_label=&#8221;Texto&#8221; _builder_version=&#8221;4.17.4&#8243; _module_preset=&#8221;default&#8221; custom_margin=&#8221;0px||||false|false&#8221; custom_padding=&#8221;0px|40px||40px|false|false&#8221; global_colors_info=&#8221;{}&#8221;]<\/p>\n<h4><\/h4>\n<h4><strong>Contenido del curso:<\/strong><\/h4>\n<p>\u2022 Qu\u00e9 es la IA generativa y c\u00f3mo funciona: modelos de lenguaje e imagen.<br \/>\n\u2022 Principales herramientas de texto e imagen: ChatGPT, Gemini, Grok y Nanobanana<br \/>\n\u2022 Usos acad\u00e9micos y creativos de la IAG: redacci\u00f3n, s\u00edntesis, ilustraci\u00f3n, dise\u00f1o y presentaci\u00f3n.<br \/>\n\u2022 Aspectos \u00e9ticos: autor\u00eda, privacidad, derechos de imagen y propiedad intelectual.<br \/>\n\u2022 Perspectiva de g\u00e9nero: c\u00f3mo los modelos visuales y ling\u00fc\u00edsticos reproducen estereotipos.<br \/>\n\u2022 Taller pr\u00e1ctico: creaci\u00f3n de texto e imagen a partir de prompts inclusivos.<\/p>\n<h4><strong>Beneficios de asistir a este curso:<\/strong><\/h4>\n<ul>\n<li><strong>Mejora de la productividad:<\/strong> Optimiza tus tareas diarias con la ayuda de ChatGPT y adquiere habilidades y conocimientos aplicables y agilidad en tu trabajo diario delante del ordenador.<\/li>\n<\/ul>\n<p>&nbsp;<br \/>\n[\/et_pb_text][\/et_pb_column][\/et_pb_row][et_pb_row _builder_version=&#8221;4.17.4&#8243; _module_preset=&#8221;default&#8221; global_colors_info=&#8221;{}&#8221;][et_pb_column type=&#8221;4_4&#8243; _builder_version=&#8221;4.17.4&#8243; _module_preset=&#8221;default&#8221; global_colors_info=&#8221;{}&#8221;][et_pb_image src=&#8221;https:\/\/iagenerativa.umh.es\/files\/2025\/10\/banner_accion_ROSARIO.png&#8221; title_text=&#8221;banner_accion_ROSARIO&#8221; admin_label=&#8221;Imagen&#8221; _builder_version=&#8221;4.17.4&#8243; _module_preset=&#8221;default&#8221; background_enable_image=&#8221;off&#8221; animation_style=&#8221;roll&#8221; global_colors_info=&#8221;{}&#8221;][\/et_pb_image][\/et_pb_column][\/et_pb_row][\/et_pb_section][et_pb_section fb_built=&#8221;1&#8243; _builder_version=&#8221;4.17.4&#8243; _module_preset=&#8221;default&#8221; global_colors_info=&#8221;{}&#8221;][et_pb_row _builder_version=&#8221;4.17.4&#8243; _module_preset=&#8221;default&#8221; custom_padding=&#8221;11px||13px|||&#8221; global_colors_info=&#8221;{}&#8221;][et_pb_column type=&#8221;4_4&#8243; _builder_version=&#8221;4.17.4&#8243; _module_preset=&#8221;default&#8221; global_colors_info=&#8221;{}&#8221;][et_pb_divider show_divider=&#8221;off&#8221; _builder_version=&#8221;4.17.4&#8243; _module_preset=&#8221;default&#8221; background_color=&#8221;#000000&#8243; custom_margin=&#8221;1px||1px||false|false&#8221; global_colors_info=&#8221;{}&#8221;][\/et_pb_divider][\/et_pb_column][\/et_pb_row][et_pb_row _builder_version=&#8221;4.17.4&#8243; _module_preset=&#8221;default&#8221; custom_margin=&#8221;1px||1px||false|false&#8221; global_colors_info=&#8221;{}&#8221;][et_pb_column type=&#8221;4_4&#8243; _builder_version=&#8221;4.17.4&#8243; _module_preset=&#8221;default&#8221; global_colors_info=&#8221;{}&#8221;][et_pb_gallery gallery_ids=&#8221;2695,2989,2992&#8243; _builder_version=&#8221;4.17.4&#8243; _module_preset=&#8221;default&#8221; hover_enabled=&#8221;0&#8243; global_colors_info=&#8221;{}&#8221; show_title_and_caption=&#8221;off&#8221; show_pagination=&#8221;off&#8221; sticky_enabled=&#8221;0&#8243;][\/et_pb_gallery][\/et_pb_column][\/et_pb_row][\/et_pb_section]<\/p>\n","protected":false},"excerpt":{"rendered":"<p>CURSO: &#8220;Inteligencia Artificial generativa y equidad: herramientas, \u00e9tica y sesgos de g\u00e9nero en la era digital&#8221; &nbsp; &nbsp; &nbsp; Edici\u00f3n ELCHE Fecha: 5 de noviembre de 2025, de 11:00 a 13:30. Lugar: Universidad Miguel Hern\u00e1ndez, Campus de Elche, Aula 1.3 &#8211; edificio ALTABIX. Organiza: Unidad de Igualdad de la Universidad Miguel Hern\u00e1ndez (UMH) en colaboraci\u00f3n [&hellip;]<\/p>\n","protected":false},"author":1676,"featured_media":0,"parent":0,"menu_order":0,"comment_status":"closed","ping_status":"closed","template":"","meta":{"_et_pb_use_builder":"on","_et_pb_old_content":"","_et_gb_content_width":"","_links_to":"","_links_to_target":""},"_links":{"self":[{"href":"https:\/\/iagenerativa.umh.es\/en\/wp-json\/wp\/v2\/pages\/2689"}],"collection":[{"href":"https:\/\/iagenerativa.umh.es\/en\/wp-json\/wp\/v2\/pages"}],"about":[{"href":"https:\/\/iagenerativa.umh.es\/en\/wp-json\/wp\/v2\/types\/page"}],"author":[{"embeddable":true,"href":"https:\/\/iagenerativa.umh.es\/en\/wp-json\/wp\/v2\/users\/1676"}],"replies":[{"embeddable":true,"href":"https:\/\/iagenerativa.umh.es\/en\/wp-json\/wp\/v2\/comments?post=2689"}],"version-history":[{"count":0,"href":"https:\/\/iagenerativa.umh.es\/en\/wp-json\/wp\/v2\/pages\/2689\/revisions"}],"wp:attachment":[{"href":"https:\/\/iagenerativa.umh.es\/en\/wp-json\/wp\/v2\/media?parent=2689"}],"curies":[{"name":"wp","href":"https:\/\/api.w.org\/{rel}","templated":true}]}}

Borrador automático

<p>[et_pb_section fb_built=&#8221;1&#8243; _builder_version=&#8221;4.17.4&#8243; _module_preset=&#8221;default&#8221; custom_margin=&#8221;||-44px|||&#8221; custom_padding=&#8221;|||0px||&#8221; global_colors_info=&#8221;{}&#8221;][et_pb_row _builder_version=&#8221;4.17.4&#8243; _module_preset=&#8221;default&#8221; global_colors_info=&#8221;{}&#8221;][et_pb_column type=&#8221;4_4&#8243; _builder_version=&#8221;4.17.4&#8243; _module_preset=&#8221;default&#8221; global_colors_info=&#8221;{}&#8221;][et_pb_text admin_label=&#8221;Texto&#8221; _builder_version=&#8221;4.17.4&#8243; _module_preset=&#8221;default&#8221; global_colors_info=&#8221;{}&#8221;]</p>
<h3 style="text-align: left"></h3>
<h1 style="text-align: left"><strong>CURSO:</strong></h1>
<h1 style="text-align: left"><strong>&#8220;Inteligencia Artificial generativa y equidad: herramientas, ética y sesgos de género en la era digital&#8221;</strong></h1>
<h4 style="text-align: right"></h4>
<p>&nbsp;</p>
<p>&nbsp;<br />
[/et_pb_text][/et_pb_column][/et_pb_row][et_pb_row column_structure=&#8221;2_5,3_5&#8243; _builder_version=&#8221;4.17.4&#8243; _module_preset=&#8221;default&#8221; min_height=&#8221;333.5px&#8221; custom_margin=&#8221;|auto|30px|auto|false|false&#8221; custom_margin_tablet=&#8221;|auto|30px|auto|false|false&#8221; custom_margin_phone=&#8221;|auto|30px|auto|false|false&#8221; custom_margin_last_edited=&#8221;on|phone&#8221; custom_padding=&#8221;0px|0px|0px|0px|false|false&#8221; border_width_all=&#8221;2px&#8221; border_color_all=&#8221;#2575dd&#8221; global_colors_info=&#8221;{}&#8221;][et_pb_column type=&#8221;2_5&#8243; _builder_version=&#8221;4.17.4&#8243; _module_preset=&#8221;default&#8221; global_colors_info=&#8221;{}&#8221;][et_pb_image src=&#8221;https://iagenerativa.umh.es/files/2025/10/UMH_19.jpg&#8221; title_text=&#8221;UMH_19&#8243; _builder_version=&#8221;4.17.4&#8243; _module_preset=&#8221;default&#8221; custom_margin=&#8221;||||false|false&#8221; custom_padding=&#8221;60px|||5px|false|false&#8221; global_colors_info=&#8221;{}&#8221;][/et_pb_image][/et_pb_column][et_pb_column type=&#8221;3_5&#8243; _builder_version=&#8221;4.17.4&#8243; _module_preset=&#8221;default&#8221; global_colors_info=&#8221;{}&#8221;][et_pb_text admin_label=&#8221;Texto&#8221; _builder_version=&#8221;4.17.4&#8243; _module_preset=&#8221;default&#8221; custom_margin=&#8221;||||false|false&#8221; custom_padding=&#8221;|15px||15px|false|false&#8221; link_option_url=&#8221;http://iagenerativa.umh.es/equidad/curso-equidad-elche&#8221; global_colors_info=&#8221;{}&#8221;]</p>
<h3></h3>
<p>&nbsp;</p>
<h3 style="text-align: left"><b>Edición ELCHE</b></h3>
<ul>
<li>Fecha: <strong>5 de noviembre de 2025, </strong><em><strong>de 11:00 a 13:30.</strong></em></li>
<li>Lugar:<strong> Universidad Miguel Hernández, Campus de Elche, Aula 1.3 &#8211; edificio ALTABIX.</strong></li>
<li>Organiza: <strong>Unidad de Igualdad de la Universidad Miguel Hernández (UMH)</strong> en colaboración con la <strong>Vicepresidencia Primera y Consellería de Servicios Sociales, Igualdad y Vivienda.</strong></li>
<li>Dirigido a estudiantes de la asignatura de Psicopatología del Grado de Psicología.</li>
<li>Pulsa <a href="http://iagenerativa.umh.es/equidad/curso-equidad-elche">aquí</a> para más información.</li>
</ul>
<p>&nbsp;<br />
[/et_pb_text][/et_pb_column][/et_pb_row][et_pb_row column_structure=&#8221;2_5,3_5&#8243; _builder_version=&#8221;4.17.4&#8243; _module_preset=&#8221;default&#8221; min_height=&#8221;342.5px&#8221; custom_margin=&#8221;|auto|30px|auto|false|false&#8221; custom_margin_tablet=&#8221;|auto|30px|auto|false|false&#8221; custom_margin_phone=&#8221;|auto|30px|auto|false|false&#8221; custom_margin_last_edited=&#8221;on|phone&#8221; custom_padding=&#8221;0px|0px|0px|0px|false|false&#8221; border_width_all=&#8221;2px&#8221; border_color_all=&#8221;#2575dd&#8221; global_colors_info=&#8221;{}&#8221;][et_pb_column type=&#8221;2_5&#8243; _builder_version=&#8221;4.17.4&#8243; _module_preset=&#8221;default&#8221; global_colors_info=&#8221;{}&#8221;][et_pb_image src=&#8221;https://iagenerativa.umh.es/files/2025/10/Severo-Ochoa-UMH-1-scaled-1.jpg&#8221; title_text=&#8221;Severo-Ochoa-UMH-1-scaled-1&#8243; _builder_version=&#8221;4.17.4&#8243; _module_preset=&#8221;default&#8221; custom_margin=&#8221;||||false|false&#8221; custom_padding=&#8221;60px|||5px|false|false&#8221; global_colors_info=&#8221;{}&#8221;][/et_pb_image][/et_pb_column][et_pb_column type=&#8221;3_5&#8243; _builder_version=&#8221;4.17.4&#8243; _module_preset=&#8221;default&#8221; global_colors_info=&#8221;{}&#8221;][et_pb_text admin_label=&#8221;Texto&#8221; _builder_version=&#8221;4.17.4&#8243; _module_preset=&#8221;default&#8221; min_height=&#8221;291.8px&#8221; custom_margin=&#8221;||||false|false&#8221; custom_padding=&#8221;0px|15px||15px|false|false&#8221; link_option_url=&#8221;http://iagenerativa.umh.es/equidad/curso-equidad-elche&#8221; global_colors_info=&#8221;{}&#8221;]</p>
<h3> </h3>
<h3 style="text-align: left"> </h3>
<h3 style="text-align: left"> </h3>
<h3 style="text-align: left"><b>Edición SAN JUAN</b></h3>
<ul>
<li>Fecha: <strong>12 de noviembre de 2025, </strong><em><strong>de 16:00 a 18:30</strong></em></li>
<li>Lugar:<strong> Universidad Miguel Hernández, Campus de Sant Joan d&#8217;Alacant, Aula 0.9 &#8211; edificio SEVERO OCHOA</strong></li>
<li>Organiza: <strong>Unidad de Igualdad de la Universidad Miguel Hernández (UMH)</strong> en colaboración con la <strong>Vicepresidencia Primera y Consellería de Servicios Sociales, Igualdad y Vivienda</strong></li>
<li>Dirigido a estudiantes de los grados de Ciencias de la Salud del campus de Sant Joan d&#8217;Alacant.</li>
<li>Pulsa <a href="http://iagenerativa.umh.es/equidad/curso-equidad-san-juan">aquí</a> para más información.</li>
</ul>
<p>&nbsp;</p>
<p>[/et_pb_text][/et_pb_column][/et_pb_row][et_pb_row _builder_version=&#8221;4.17.4&#8243; _module_preset=&#8221;default&#8221; custom_padding=&#8221;5px|8px|5px|8px|false|false&#8221; border_width_all=&#8221;3px&#8221; border_color_all=&#8221;#6B6B6B&#8221; global_colors_info=&#8221;{}&#8221;][et_pb_column type=&#8221;4_4&#8243; _builder_version=&#8221;4.17.4&#8243; _module_preset=&#8221;default&#8221; global_colors_info=&#8221;{}&#8221;][et_pb_text admin_label=&#8221;Texto&#8221; _builder_version=&#8221;4.17.4&#8243; _module_preset=&#8221;default&#8221; custom_margin=&#8221;0px||||false|false&#8221; custom_padding=&#8221;0px|40px||40px|false|false&#8221; global_colors_info=&#8221;{}&#8221;]</p>
<h4></h4>
<h4><strong>Contenido del curso:</strong></h4>
<p>• Qué es la IA generativa y cómo funciona: modelos de lenguaje e imagen.<br />
• Principales herramientas de texto e imagen: ChatGPT, Gemini, Grok y Nanobanana<br />
• Usos académicos y creativos de la IAG: redacción, síntesis, ilustración, diseño y presentación.<br />
• Aspectos éticos: autoría, privacidad, derechos de imagen y propiedad intelectual.<br />
• Perspectiva de género: cómo los modelos visuales y lingüísticos reproducen estereotipos.<br />
• Taller práctico: creación de texto e imagen a partir de prompts inclusivos.</p>
<h4><strong>Beneficios de asistir a este curso:</strong></h4>
<ul>
<li><strong>Mejora de la productividad:</strong> Optimiza tus tareas diarias con la ayuda de ChatGPT y adquiere habilidades y conocimientos aplicables y agilidad en tu trabajo diario delante del ordenador.</li>
</ul>
<p>&nbsp;<br />
[/et_pb_text][/et_pb_column][/et_pb_row][et_pb_row _builder_version=&#8221;4.17.4&#8243; _module_preset=&#8221;default&#8221; global_colors_info=&#8221;{}&#8221;][et_pb_column type=&#8221;4_4&#8243; _builder_version=&#8221;4.17.4&#8243; _module_preset=&#8221;default&#8221; global_colors_info=&#8221;{}&#8221;][et_pb_image src=&#8221;https://iagenerativa.umh.es/files/2025/10/banner_accion_ROSARIO.png&#8221; title_text=&#8221;banner_accion_ROSARIO&#8221; admin_label=&#8221;Imagen&#8221; _builder_version=&#8221;4.17.4&#8243; _module_preset=&#8221;default&#8221; background_enable_image=&#8221;off&#8221; animation_style=&#8221;roll&#8221; global_colors_info=&#8221;{}&#8221;][/et_pb_image][/et_pb_column][/et_pb_row][/et_pb_section][et_pb_section fb_built=&#8221;1&#8243; _builder_version=&#8221;4.17.4&#8243; _module_preset=&#8221;default&#8221; global_colors_info=&#8221;{}&#8221;][et_pb_row _builder_version=&#8221;4.17.4&#8243; _module_preset=&#8221;default&#8221; custom_padding=&#8221;11px||13px|||&#8221; global_colors_info=&#8221;{}&#8221;][et_pb_column type=&#8221;4_4&#8243; _builder_version=&#8221;4.17.4&#8243; _module_preset=&#8221;default&#8221; global_colors_info=&#8221;{}&#8221;][et_pb_divider show_divider=&#8221;off&#8221; _builder_version=&#8221;4.17.4&#8243; _module_preset=&#8221;default&#8221; background_color=&#8221;#000000&#8243; custom_margin=&#8221;1px||1px||false|false&#8221; global_colors_info=&#8221;{}&#8221;][/et_pb_divider][/et_pb_column][/et_pb_row][et_pb_row _builder_version=&#8221;4.17.4&#8243; _module_preset=&#8221;default&#8221; custom_margin=&#8221;1px||1px||false|false&#8221; global_colors_info=&#8221;{}&#8221;][et_pb_column type=&#8221;4_4&#8243; _builder_version=&#8221;4.17.4&#8243; _module_preset=&#8221;default&#8221; global_colors_info=&#8221;{}&#8221;][et_pb_gallery gallery_ids=&#8221;2695,2989,2992&#8243; _builder_version=&#8221;4.17.4&#8243; _module_preset=&#8221;default&#8221; hover_enabled=&#8221;0&#8243; global_colors_info=&#8221;{}&#8221; show_title_and_caption=&#8221;off&#8221; show_pagination=&#8221;off&#8221; sticky_enabled=&#8221;0&#8243;][/et_pb_gallery][/et_pb_column][/et_pb_row][/et_pb_section]</p>

<p>CURSO: &#8220;Inteligencia Artificial generativa y equidad: herramientas, ética y sesgos de género en la era digital&#8221; &nbsp; &nbsp; &nbsp; Edición ELCHE Fecha: 5 de noviembre de 2025, de 11:00 a 13:30. Lugar: Universidad Miguel Hernández, Campus de Elche, Aula 1.3 &#8211; edificio ALTABIX. Organiza: Unidad de Igualdad de la Universidad Miguel Hernández (UMH) en colaboración [&hellip;]</p>
